79, l - 2*d - x = 258. What is the highest common divisor of l and 36?
36
Let u(z) = 4*z**2 - 46*z - 578. Let l be u(-8). Calculate the greatest common divisor of l and 134.
2
Suppose 12*u = -397 - 23. Let l(h) = -3*h**2 - 103*h + 74. Let g be l(u). Let s(z) = -2*z + 2. Let b be s(-4). Calculate the greatest common factor of b and g.
2
Let i be 20/(4/(-2)) - (1348 + -1382). Calculate the highest common factor of 5484 and i.
12
Let w(v) = 240*v - 168. Let h be w(3). What is the highest common factor of h and 966?
138
Let s = 95 - 91. Suppose s*b - 7*b + 30 = 0. What is the highest common divisor of b and 12?
2
Let y(q) = 2651*q - 227698. Let g be y(86). Let v = -9 + 18. What is the greatest common divisor of v and g?
9
Suppose -3*a + 9472 = 2*n, -3158 = -a - 26*n + 25*n. Calculate the greatest common factor of 36 and a.
12
Let i(f) = -f**3 - 14*f**2 - 31*f + 24. Let v be i(-11). Suppose 0 = v*l - 2*z - 98, z = 5*l + 178 - 443. Calculate the highest common divisor of l and 126.
18
Let i(t) = 93*t + 4318. Let z be i(34). Calculate the highest common factor of z and 88.
88
Let g = -187 + 83. Let z = g - -124. Calculate the greatest common divisor of z and 140.
20
Let s(t) be the first derivative of 1/3*t**3 + 5*t - 13/2*t**2 - 10. Let k be s(13). What is the highest common divisor of 40 and k?
5
Let i = 25 - -29. Let l be (1 - (-7 + 6))/((-2)/(-27)). What is the highest common factor of i and l?
27
Suppose 3*y + 2178 = -47*y + 116*y. Suppose 12 = 4*c - 0*c. Calculate the highest common factor of y and c.
3
Suppose -2054*t + 658764 = 470*t. Suppose 3*n - 116 = -3*b - 20, 4*b - 5*n = 164. What is the greatest common divisor of b and t?
9
Let r be (2/(-2))/(13/(-13 - 52)). Suppose -2 = -2*f - 66. Let l = r - f. What is the greatest common divisor of l and 74?
37
Let z(q) = -18*q - 34. Let u be z(11). Let f = -21 - -37. Let s be (-2)/4 + 0 - u/f. Calculate the greatest common divisor of 14 and s.
14
Suppose b = 4*b + r - 1843, -2*r = -3*b + 1858. Calculate the highest common factor of 396 and b.
44
Let y(p) = -25 - 6*p - 3*p + 6*p. Let c be y(-13). Let l = 54 - c. What is the greatest common divisor of 16 and l?
8
Let a(n) be the first derivative of 70*n**3/3 - 11*n**2/2 + 11*n - 21. Let p be a(1). What is the greatest common factor of p and 56?
14
Let p(g) = 4*g**3 - 17*g**2 - 41*g + 247. Let t be p(7). Calculate the greatest common factor of 1 and t.
1
Let k(r) = -r + 11. Suppose 3 = 4*q + 5*c, 3*q - 1 = -5*c + c. Let d be 2/q - (-94)/14. Let x be k(d). Calculate the greatest common factor of x and 20.
4
Suppose -6*w + 6*w - 3*w = 0. Suppose w = 3*a - 5*u - 49, -4*u = -a + 17 - 3. What is the highest common factor of a and 12?
6
Let l(u) = -16*u**2 - 182*u + 54. Let b be l(-8). Calculate the greatest common factor of 12 and b.
6
Let v be (1 - (-18)/(-14)) + 484/28. Suppose r + v = -24. Let i = r - -48. Calculate the highest common divisor of 28 and i.
7
Let s(v) = -2*v**3 - 120*v**2 - v - 75. Let k be s(-60). Suppose -217 = -5*o - 42. Let y = o + k. What is the greatest common factor of 15 and y?
5
Suppose -u + 19*q - 114 = 0, 2*q - 165 = -2*u - 73. Let m be (-4)/(-10) + 2/(-5). Suppose m = 5*r - 85 - 390. Calculate the highest common factor of u and r.
19
Let h(y) = 208*y**3 - 7*y**2 - y + 8. Let l be h(1). What is the highest common factor of l and 3458?
26
Let l = -3243 - -3253. Let r(x) = -x + 13. Let o be r(-9). Calculate the greatest common factor of l and o.
2
Suppose -4*r = -3*i - 16 + 618, -2*i + 404 = -4*r. Calculate the greatest common factor of i and 264.
66
Suppose -56*o = -53*o + 225. Let a be (((-11)/(-2))/(-1))/(o/6150). What is the highest common factor of 41 and a?
41
Suppose -74*n = -93*n + 532. What is the highest common divisor of 3430 and n?
14
Let x = -11883 + 11910. Let a be 2262/21 + (-4)/(-14). Calculate the greatest common divisor of a and x.
27
Let z(g) = -4*g - 11. Let s be z(-4). Suppose 4*b - 19 = w + 8, s*b = -3*w + 38. Suppose 2*o - 29 = -b. What is the greatest common divisor of o and 1?
1
Suppose u + k + k = 84, 0 = 2*u - 2*k - 174. Suppose 5*h + 3*f - 1896 = 0, 5*f + 2000 = 785*h - 780*h. Calculate the highest common factor of h and u.
43
Let t(i) be the first derivative of i**2 + 29*i + 9. Let s be t(-12). Suppose 0 = s*w - 2*w - 21. Calculate the greatest common divisor of w and 21.
7
Suppose -13*a - 4*a - 8*a + 5600 = 0. Calculate the highest common factor of 21 and a.
7
Suppose -149*c - 20*c - 29*c + 720918 = 0. What is the greatest common divisor of 33 and c?
11
Suppose -4*n + 136 = s, 47 = 2*s + 31. What is the highest common factor of 1028 and n?
4
Let l = -1886 - -1903. Calculate the highest common divisor of l and 1088.
17
Suppose 11*a + 9632 = 10402. Calculate the highest common factor of 525 and a.
35
Let w be ((-15)/(-6))/(6/4 + -1). Let y be w*(-16)/120*(-1 + -11). What is the highest common factor of y and 64?
8
Let z be (-1)/(-3) + (20/(-15))/1. Let b be (-4)/((-12)/309) - z. Suppose b = -7*g + 11*g. What is the greatest common factor of g and 286?
26
Suppose 7*s - 27 = 6*s. Suppose 4*c + 5 - 9 = 4*w, -4*c + 7 = -3*w. What is the highest common divisor of s and w?
3
Let v = 331 + -346. Let k be (-418)/v - 17/(1275/(-10)). What is the highest common factor of 154 and k?
14
Let k = -587 + 1063. Let h(i) = k*i**3 - 480*i**3 - 4*i**2 - i**2 - 4 + i + 3. Let m be h(-4). What is the highest common factor of 9 and m?
9
Let l = 437 + -336. Let t = l + 133. Calculate the highest common factor of t and 18.
18
Let w(u) = -4*u**3 - 8*u**2 - 2*u + 85. Let t be w(-7). What is the highest common divisor of t and 39?
13
Let u(w) = 74*w**2 + 7*w - 7. Let h be u(1). Suppose -g = 3*p - h, 3*p + 4*g - 54 = 8. What is the greatest common factor of 182 and p?
26
Suppose f - 120 = 5*q + 338, 2368 = 5*f + q. Let u = f + -459. Let n = 206 - 108. Calculate the highest common divisor of n and u.
14
Suppose 3*h - 5*q = h + 76, 5*h + 3*q - 190 = 0. Let l(p) = -3*p**3 - 157*p**2 - 37*p + 1141. Let n be l(-52). What is the highest common factor of n and h?
19
Let o be (-9)/15*-5 + -52. Let c = -19 - o. Suppose -2*w = -54 - 186. What is the highest common divisor of w and c?
30
Let j(x) = x**2 - 8*x + 12. Let f be j(8). Suppose 4*g = -m + 53, 3*g - 43 = -g + m. Suppose -g*o + 1385 = -487. Calculate the highest common factor of o and f.
12
Let p be 2 + ((-2)/(-4)*6 - 1). Suppose 30 = p*d + 190. Let l be (18/8)/(105/d + 3). Calculate the greatest common factor of 78 and l.
6
Let k = 38 + -27. Let l = -398 + 125. Let r = -152 - l. What is the greatest common divisor of k and r?
11
Let w be -7 - ((-30 - 42456/36) + (-5)/3). Calculate the highest common divisor of 364 and w.
28
Let u = -124 + 208. Let o(y) = 2*y**2 - 7*y - 410. Let n be o(18). Calculate the highest common factor of u and n.
28
Let z = 38 - -55. Suppose 8*g + z = 893. Calculate the highest common factor of g and 80.
20
Let y be -2 + 44 + 6/3. Let c = -500 - -500. Suppose 3*a - 4*z = -2*a + 95, 3*a - 5*z - y = c. What is the highest common divisor of 92 and a?
23
Suppose -25*f = -12*f + 28*f - 263917. Calculate the greatest common divisor of 41 and f.
41
Let a(y) = 24 + 4*y + y**2 - 7 - 17*y + 5*y. Let p be a(5). Suppose 2*z = 3*n + 11, p*n + 15 = 3*z - n. What is the greatest common divisor of 44 and z?
4
Suppose -1115*x + 553*x - 49657 = -579*x. What is the highest common factor of x and 161?
23
Suppose 41*b - 68719 = -15624. What is the highest common divisor of b and 49?
7
Suppose 10*w = 59 + 111. Suppose -c + 0*c + 62 = -3*n, -4*c + w = -n. Let m be 8/(-60)*n*10. What is the highest common divisor of m and 8?
4
Suppose 910 = 4*z - 3*i + 2643, 2*i = -2*z - 856. Let g = z + 653. What is the highest common divisor of g and 6?
6
Suppose 0 = -3*h + 4*f - 1, 2*h - 5*f = -f - 2. Let m(r) = -8 + 17*r**2 + 4*r**3 + 0 - 5*r**3 + r. Let z be m(17). What is the highest common factor of h and z?
1
Suppose -353 = -a - 19*p + 17*p, -5*p + 710 = 2*a. Calculate the greatest common divisor of a and 30.
15
Let x(g) = g**2 - 25*g + 29. Let r be x(24). Suppose -276 = -4*k - 3*u + 363, r*k + u = 785. What is the highest common factor of 39 and k?
39
Let b = -2271 + 3054. Calculate the highest common factor of 432 and b.
27
Let q = 1184 + -1024. Calculate the greatest common factor o